630169.
546630169
List the prime factors of 3357412.
2, 839353
List the prime factors of 112571163.
3, 12507907
What are the prime factors of 568900943?
13, 211, 207401
List the prime factors of 186796150.
2, 5, 3735923
List the prime factors of 884761894.
2, 43, 10287929
List the prime factors of 247867378.
2, 11, 17, 47, 59, 239
What are the prime factors of 280034564?
2, 70008641
List the prime factors of 9308514.
2, 3, 23, 67453
What are the prime factors of 333138996?
2, 3, 2251, 4111
What are the prime factors of 293137950?
2, 3, 5, 7, 279179
List the prime factors of 976024489.
11, 643, 137993
What are the prime factors of 429476643?
3, 1979, 24113
What are the prime factors of 171961273?
11, 17, 199, 4621
What are the prime factors of 199426173?
3, 41, 1621351
What are the prime factors of 46709654?
2, 173, 134999
List the prime factors of 495311815.
5, 99062363
What are the prime factors of 14237201?
11, 419, 3089
List the prime factors of 154983045.
3, 5, 7, 1201, 1229
List the prime factors of 4651061922.
2, 3, 13, 59, 336887
What are the prime factors of 1687101163?
11, 153372833
List the prime factors of 39891098.
2, 13, 107, 1103
What are the prime factors of 12082491?
3, 1342499
List the prime factors of 1005342.
2, 3, 13, 12889
What are the prime factors of 180592530?
2, 3, 5, 17, 19, 18637
What are the prime factors of 3838253?
3838253
What are the prime factors of 120922059?
3, 40307353
List the prime factors of 93269689.
19, 127, 38653
What are the prime factors of 308660479?
331, 523, 1783
What are the prime factors of 190679776?
2, 7, 121607
List the prime factors of 2744376404.
2, 7, 11, 821, 10853
What are the prime factors of 1655108620?
2, 5, 11, 19, 395959
What are the prime factors of 73016316?
2, 3, 19, 29, 409
What are the prime factors of 790499446?
2, 11, 19, 1891147
What are the prime factors of 45798192?
2, 3, 11, 29, 997
What are the prime factors of 1128752309?
107, 10549087
List the prime factors of 6129764330.
2, 5, 109, 51593
What are the prime factors of 307246216?
2, 1489, 25793
What are the prime factors of 2297514549?
3, 11, 97, 131, 5479
List the prime factors of 120040231.
223, 538297
List the prime factors of 476856973.
31, 15382483
List the prime factors of 846096263.
846096263
List the prime factors of 329354855.
5, 17, 3874763
List the prime factors of 28276207.
28276207
List the prime factors of 38622807.
3, 31, 138433
What are the prime factors of 56808094?
2, 7, 67, 71, 853
What are the prime factors of 68283795?
3, 5, 167, 27259
List the prime factors of 70098255.
3, 5, 1181, 1319
What are the prime factors of 671733305?
5, 134346661
List the prime factors of 80067770.
2, 5, 359, 22303
List the prime factors of 144163820.
2, 5, 1367, 5273
List the prime factors of 89667876.
2, 3, 7472323
List the prime factors of 78520426.
2, 19, 733, 2819
List the prime factors of 447821311.
7, 41, 47, 33199
List the prime factors of 140660870.
2, 5, 7, 23, 1783
List the prime factors of 99974545.
5, 11, 197, 9227
What are the prime factors of 70396180?
2, 5, 41, 293
List the prime factors of 255320239.
37, 53, 130199
What are the prime factors of 187494291?
3, 127, 54679
What are the prime factors of 15941394?
2, 3, 7, 181, 233
List the prime factors of 48029066.
2, 24014533
What are the prime factors of 2033320302?
2, 3, 13, 19, 53, 8629
What are the prime factors of 744659071?
13, 29, 1975223
What are the prime factors of 145045372?
2, 41, 884423
List the prime factors of 784639982.
2, 7, 37, 1514749
What are the prime factors of 120547867?
11, 17, 29, 22229
List the prime factors of 41068943.
41068943
List the prime factors of 38004379.
7, 461, 11777
List the prime factors of 244673413.
59, 4147007
What are the prime factors of 3336822204?
2, 3, 229, 1214273
What are the prime factors of 192800987?
192800987
What are the prime factors of 117900494?
2, 58950247
List the prime factors of 188539908.
2, 3, 15711659
What are the prime factors of 3819754259?
17, 224691427
List the prime factors of 1434298575.
3, 5, 701, 27281
List the prime factors of 63977636.
2, 19, 43, 19577
What are the prime factors of 175638368?
2, 151, 163, 223
List the prime factors of 91754722.
2, 73, 8609
List the prime factors of 3054810917.
467, 6541351
List the prime factors of 142304545.
5, 28460909
List the prime factors of 31373306.
2, 15686653
List the prime factors of 891358155.
3, 5, 6602653
What are the prime factors of 88364956?
2, 22091239
List the prime factors of 1941531280.
2, 5, 13, 1866857
What are the prime factors of 103161208?
2, 2213, 5827
What are the prime factors of 1480702154?
2, 6961, 106357
List the prime factors of 32371760.
2, 5, 173, 2339
What are the prime factors of 41183601?
3, 61, 313, 719
List the prime factors of 193653859.
7, 23, 1202819
List the prime factors of 56689430.
2, 5, 7, 431, 1879
What are the prime factors of 105215725?
5, 4208629
What are the prime factors of 1345546611?
3, 29, 5155351
List the prime factors of 3628433.
53, 223, 307
What are the prime factors of 747971358?
2, 3, 149, 836657
List the prime factors of 93571032.
2, 3, 193, 20201
List the prime factors of 12164545.
5, 2432909
What are the prime factors of 648569510?
2, 5, 64856951
What are the prime factors of 765060638?
2, 23, 16631753
List the prime factors of 38695123.
38695123
What are the prime factors of 370950487?
89, 1367, 3049
What are the prime factors of 1235498960?
2, 5, 293, 52709
List the prime factors of 16759925.
5, 7, 13, 53, 139
What are the prime factors of 872743113?
3, 11, 267139
What are the prime factors of 34827899?
3623, 9613
What are the prime factors of 1859290845?
3, 5, 71, 1745813
What are the prime factors of 250285796?
2, 62571449
What are the prime factors of 87215442?
2, 3, 3187, 4561
What are the prime factors of 5029774?
2, 2514887
List the prime factors of 17254495.
5, 3450899
What are the prime factors of 467463483?
3, 51940387
List the prime factors of 39483872.
2, 281, 4391
What are the prime factors of 2461045894?
2, 8089, 152123
List the prime factors of 122457089.
883, 138683
What are the prime factors of 1399211929?
107, 1033, 12659
List the prime factors of 100243683.
3, 23, 337, 479
List the prime factors of 28788929.
13, 41, 54013
List the prime factors of 155266425.
3, 5, 690073
What are the prime factors of 51837943?
103, 463, 1087
What are the prime factors of 66131977?
29, 2280413
What are the prime factors of 155320120?
2, 5, 461, 8423
What are the prime factors of 327617903?
43, 7619021
List the prime factors of 227910005.
5, 45582001
What are the prime factors of 2692762836?
2, 3, 224396903
What are the prime factors of 1483336580?
2, 5, 11, 131, 4679
List the prime factors of 10175383.
317, 32099
List the prime factors of 101217844.
2, 7, 13, 278071
What are the prime factors of 951756855?
3, 5, 7, 491, 18461
What are the prime factors of 280435100?
2, 5, 11, 254941
What are the prime factors of 89870868?
2, 3, 2496413
List the prime factors of 811346987.
11, 19, 32083
List the prime factors of 36398336.
2, 13, 10937
What are the prime factors of 154854786?
2, 3, 41, 629491
What are the prime factors of 1787653413?
3, 7, 13, 47, 46441
What are the prime factors of 163891318?
2, 43, 1905713
List the prime factors of 2341740994.
2, 19, 41, 1503043
List the prime factors of 222980587.
222980587
What are the prime factors of 134532439?
41, 641, 5119
What are the prime factors of 559150391?
559150391
What are the prime factors of 1045531295?
5, 101, 157, 13187
List the prime factors of 1897219729.
197, 2287, 4211
What are the prime factors of 592544184?
2, 3, 19, 1299439
List the prime factors of 62184252.
2, 3, 13, 191, 2087
List the prime factors of 741551110.
2, 5, 74155111
What are the prime factors of 1960068046?
2, 980034023
What are the prime factors of 1268478388?
2, 163, 1945519
List the prime factors of 41581077.
3, 61, 227219
List the prime factors of 84538871.
4357, 19403
What are the prime factors of 697147137?
3, 953, 81281
What are the prime factors of 426448875?
3, 5, 109, 10433
List the prime factors of 1944937.
1944937
List the prime factors of 272717305.
5, 7, 29, 139, 1933
List the prime factors of 205388097.
3, 68462699
List the prime factors of 31